{"id":89,"date":"2019-06-22T18:26:59","date_gmt":"2019-06-22T16:26:59","guid":{"rendered":"http:\/\/localhost:8080\/wp\/?page_id=89"},"modified":"2024-08-18T13:29:16","modified_gmt":"2024-08-18T11:29:16","slug":"les-spectacles","status":"publish","type":"page","link":"https:\/\/pataconte.fr\/index.php\/les-spectacles\/","title":{"rendered":"Spectacles"},"content":{"rendered":"\n<div class=\"wp-block-columns is-layout-flex wp-container-core-columns-is-layout-9d6595d7 wp-block-columns-is-layout-flex\">\n<div class=\"wp-block-column is-layout-flow wp-block-column-is-layout-flow\" style=\"flex-basis:100%\"><\/div>\n<\/div>\n\n\n\n<p><\/p>\n\n\n\n<p><\/p>\n\n\n\n<p class=\"has-text-align-center has-medium-font-size\">Pour plus d&rsquo;informations, cliquez sur le spectacle de votre choix:<\/p>\n\n\n\n<div class=\"wp-block-columns is-layout-flex wp-container-core-columns-is-layout-9d6595d7 wp-block-columns-is-layout-flex\">\n<div class=\"wp-block-column is-layout-flow wp-block-column-is-layout-flow\"><\/div>\n<\/div>\n\n\n\n<div class=\"wp-block-columns has-3-columns is-layout-flex wp-container-core-columns-is-layout-9d6595d7 wp-block-columns-is-layout-flex\">\n<div class=\"wp-block-column is-layout-flow wp-block-column-is-layout-flow\"><div class=\"wp-block-image\">\n<figure class=\"aligncenter\"><a href=\"https:\/\/pataconte.fr\/index.php\/les-spectacles\/les-valisettes\/\"><img fetchpriority=\"high\" decoding=\"async\" width=\"1024\" height=\"1024\" src=\"https:\/\/pataconte.fr\/wp-content\/uploads\/2019\/07\/lespetitesvalisettes-1024x1024.jpg\" alt=\"\" class=\"wp-image-417\" srcset=\"https:\/\/pataconte.fr\/wp-content\/uploads\/2019\/07\/lespetitesvalisettes-1024x1024.jpg 1024w, https:\/\/pataconte.fr\/wp-content\/uploads\/2019\/07\/lespetitesvalisettes-150x150.jpg 150w, https:\/\/pataconte.fr\/wp-content\/uploads\/2019\/07\/lespetitesvalisettes-300x300.jpg 300w, https:\/\/pataconte.fr\/wp-content\/uploads\/2019\/07\/lespetitesvalisettes-768x768.jpg 768w, https:\/\/pataconte.fr\/wp-content\/uploads\/2019\/07\/lespetitesvalisettes-75x75.jpg 75w, https:\/\/pataconte.fr\/wp-content\/uploads\/2019\/07\/lespetitesvalisettes.jpg 1039w\" sizes=\"(max-width: 1024px) 100vw, 1024px\" \/><\/a><figcaption class=\"wp-element-caption\"><strong>18 spectacles en valises et en musique<\/strong><\/figcaption><\/figure>\n<\/div><\/div>\n\n\n\n<div class=\"wp-block-column is-layout-flow wp-block-column-is-layout-flow\">\n<figure class=\"wp-block-image size-large\"><a href=\"https:\/\/pataconte.fr\/index.php\/les-spectacles\/contes-gouttes\/\"><img decoding=\"async\" width=\"695\" height=\"1024\" src=\"https:\/\/pataconte.fr\/wp-content\/uploads\/2020\/07\/affiche1-1-695x1024.jpg\" alt=\"\" class=\"wp-image-705\" srcset=\"https:\/\/pataconte.fr\/wp-content\/uploads\/2020\/07\/affiche1-1-695x1024.jpg 695w, https:\/\/pataconte.fr\/wp-content\/uploads\/2020\/07\/affiche1-1-203x300.jpg 203w, https:\/\/pataconte.fr\/wp-content\/uploads\/2020\/07\/affiche1-1-768x1132.jpg 768w, https:\/\/pataconte.fr\/wp-content\/uploads\/2020\/07\/affiche1-1-1042x1536.jpg 1042w, https:\/\/pataconte.fr\/wp-content\/uploads\/2020\/07\/affiche1-1-1389x2048.jpg 1389w, https:\/\/pataconte.fr\/wp-content\/uploads\/2020\/07\/affiche1-1-1160x1710.jpg 1160w, https:\/\/pataconte.fr\/wp-content\/uploads\/2020\/07\/affiche1-1-scaled.jpg 1736w\" sizes=\"(max-width: 695px) 100vw, 695px\" \/><\/a><\/figure>\n<\/div>\n\n\n\n<div class=\"wp-block-column is-layout-flow wp-block-column-is-layout-flow\">\n<figure class=\"wp-block-image size-large\"><a href=\"https:\/\/pataconte.fr\/index.php\/les-spectacles\/le-joli-bateau-qui-chante\/\"><img decoding=\"async\" width=\"724\" height=\"1024\" src=\"https:\/\/pataconte.fr\/wp-content\/uploads\/2022\/09\/Visuel-Pataconte-724x1024.jpg\" alt=\"\" class=\"wp-image-1329\" srcset=\"https:\/\/pataconte.fr\/wp-content\/uploads\/2022\/09\/Visuel-Pataconte-724x1024.jpg 724w, https:\/\/pataconte.fr\/wp-content\/uploads\/2022\/09\/Visuel-Pataconte-212x300.jpg 212w, https:\/\/pataconte.fr\/wp-content\/uploads\/2022\/09\/Visuel-Pataconte-768x1086.jpg 768w, https:\/\/pataconte.fr\/wp-content\/uploads\/2022\/09\/Visuel-Pataconte-1086x1536.jpg 1086w, https:\/\/pataconte.fr\/wp-content\/uploads\/2022\/09\/Visuel-Pataconte-1160x1640.jpg 1160w, https:\/\/pataconte.fr\/wp-content\/uploads\/2022\/09\/Visuel-Pataconte.jpg 1358w\" sizes=\"(max-width: 724px) 100vw, 724px\" \/><\/a><\/figure>\n<\/div>\n\n\n\n<div class=\"wp-block-column is-layout-flow wp-block-column-is-layout-flow\">\n<figure class=\"wp-block-image size-large is-style-default\"><a href=\"https:\/\/pataconte.fr\/index.php\/les-spectacles\/les-valisettes\/lhistoire-du-beau-ver-dodu\/\"><img loading=\"lazy\" decoding=\"async\" width=\"724\" height=\"1024\" src=\"https:\/\/pataconte.fr\/wp-content\/uploads\/2024\/04\/MATRICE-affiche-ver-dodu-neutre-web-1-724x1024.jpg\" alt=\"\" class=\"wp-image-1711\" srcset=\"https:\/\/pataconte.fr\/wp-content\/uploads\/2024\/04\/MATRICE-affiche-ver-dodu-neutre-web-1-724x1024.jpg 724w, https:\/\/pataconte.fr\/wp-content\/uploads\/2024\/04\/MATRICE-affiche-ver-dodu-neutre-web-1-212x300.jpg 212w, https:\/\/pataconte.fr\/wp-content\/uploads\/2024\/04\/MATRICE-affiche-ver-dodu-neutre-web-1-768x1086.jpg 768w, https:\/\/pataconte.fr\/wp-content\/uploads\/2024\/04\/MATRICE-affiche-ver-dodu-neutre-web-1-1087x1536.jpg 1087w, https:\/\/pataconte.fr\/wp-content\/uploads\/2024\/04\/MATRICE-affiche-ver-dodu-neutre-web-1-1449x2048.jpg 1449w, https:\/\/pataconte.fr\/wp-content\/uploads\/2024\/04\/MATRICE-affiche-ver-dodu-neutre-web-1-1160x1640.jpg 1160w, https:\/\/pataconte.fr\/wp-content\/uploads\/2024\/04\/MATRICE-affiche-ver-dodu-neutre-web-1.jpg 1772w\" sizes=\"(max-width: 724px) 100vw, 724px\" \/><\/a><\/figure>\n<\/div>\n<\/div>\n\n\n\n<hr class=\"wp-block-separator has-css-opacity\"\/>\n\n\n\n<p class=\"has-text-align-center\">Vous souhaitez nous faire un retour : laisser un message sur <a href=\"https:\/\/pataconte.fr\/index.php\/vos-retours\/\">le livre d&rsquo;or<\/a>. <br>Si vous \u00eates int\u00e9ress\u00e9 par nos spectacles, contactez-nous <a href=\"https:\/\/pataconte.fr\/index.php\/contact\/\">ici<\/a>.<\/p>\n","protected":false},"excerpt":{"rendered":"<p>Pour plus d&rsquo;informations, cliquez sur le spectacle de votre choix:<\/p>\n","protected":false},"author":1,"featured_media":0,"parent":0,"menu_order":5,"comment_status":"closed","ping_status":"closed","template":"","meta":{"footnotes":""},"class_list":["post-89","page","type-page","status-publish","hentry"],"yoast_head":"<!-- This site is optimized with the Yoast SEO plugin v26.8 - https:\/\/yoast.com\/product\/yoast-seo-wordpress\/ -->\n<title>Spectacles - Compagnie Pataconte<\/title>\n<meta name=\"robots\" content=\"index, follow, max-snippet:-1, max-image-preview:large, max-video-preview:-1\" \/>\n<link rel=\"canonical\" href=\"https:\/\/pataconte.fr\/index.php\/les-spectacles\/\" \/>\n<meta property=\"og:locale\" content=\"fr_FR\" \/>\n<meta property=\"og:type\" content=\"article\" \/>\n<meta property=\"og:title\" content=\"Spectacles - Compagnie Pataconte\" \/>\n<meta property=\"og:description\" content=\"Pour plus d&rsquo;informations, cliquez sur le spectacle de votre choix:\" \/>\n<meta property=\"og:url\" content=\"https:\/\/pataconte.fr\/index.php\/les-spectacles\/\" \/>\n<meta property=\"og:site_name\" content=\"Compagnie Pataconte\" \/>\n<meta property=\"article:modified_time\" content=\"2024-08-18T11:29:16+00:00\" \/>\n<meta property=\"og:image\" content=\"http:\/\/pataconte.fr\/wp-content\/uploads\/2019\/07\/lespetitesvalisettes-1024x1024.jpg\" \/>\n<meta name=\"twitter:card\" content=\"summary_large_image\" \/>\n<meta name=\"twitter:label1\" content=\"Dur\u00e9e de lecture estim\u00e9e\" \/>\n\t<meta name=\"twitter:data1\" content=\"1 minute\" \/>\n<script type=\"application\/ld+json\" class=\"yoast-schema-graph\">{\"@context\":\"https:\/\/schema.org\",\"@graph\":[{\"@type\":\"WebPage\",\"@id\":\"https:\/\/pataconte.fr\/index.php\/les-spectacles\/\",\"url\":\"https:\/\/pataconte.fr\/index.php\/les-spectacles\/\",\"name\":\"Spectacles - Compagnie Pataconte\",\"isPartOf\":{\"@id\":\"https:\/\/pataconte.fr\/#website\"},\"primaryImageOfPage\":{\"@id\":\"https:\/\/pataconte.fr\/index.php\/les-spectacles\/#primaryimage\"},\"image\":{\"@id\":\"https:\/\/pataconte.fr\/index.php\/les-spectacles\/#primaryimage\"},\"thumbnailUrl\":\"http:\/\/pataconte.fr\/wp-content\/uploads\/2019\/07\/lespetitesvalisettes-1024x1024.jpg\",\"datePublished\":\"2019-06-22T16:26:59+00:00\",\"dateModified\":\"2024-08-18T11:29:16+00:00\",\"breadcrumb\":{\"@id\":\"https:\/\/pataconte.fr\/index.php\/les-spectacles\/#breadcrumb\"},\"inLanguage\":\"fr-FR\",\"potentialAction\":[{\"@type\":\"ReadAction\",\"target\":[\"https:\/\/pataconte.fr\/index.php\/les-spectacles\/\"]}]},{\"@type\":\"ImageObject\",\"inLanguage\":\"fr-FR\",\"@id\":\"https:\/\/pataconte.fr\/index.php\/les-spectacles\/#primaryimage\",\"url\":\"http:\/\/pataconte.fr\/wp-content\/uploads\/2019\/07\/lespetitesvalisettes-1024x1024.jpg\",\"contentUrl\":\"http:\/\/pataconte.fr\/wp-content\/uploads\/2019\/07\/lespetitesvalisettes-1024x1024.jpg\"},{\"@type\":\"BreadcrumbList\",\"@id\":\"https:\/\/pataconte.fr\/index.php\/les-spectacles\/#breadcrumb\",\"itemListElement\":[{\"@type\":\"ListItem\",\"position\":1,\"name\":\"Accueil\",\"item\":\"https:\/\/pataconte.fr\/\"},{\"@type\":\"ListItem\",\"position\":2,\"name\":\"Spectacles\"}]},{\"@type\":\"WebSite\",\"@id\":\"https:\/\/pataconte.fr\/#website\",\"url\":\"https:\/\/pataconte.fr\/\",\"name\":\"Compagnie Pataconte\",\"description\":\"\",\"publisher\":{\"@id\":\"https:\/\/pataconte.fr\/#organization\"},\"potentialAction\":[{\"@type\":\"SearchAction\",\"target\":{\"@type\":\"EntryPoint\",\"urlTemplate\":\"https:\/\/pataconte.fr\/?s={search_term_string}\"},\"query-input\":{\"@type\":\"PropertyValueSpecification\",\"valueRequired\":true,\"valueName\":\"search_term_string\"}}],\"inLanguage\":\"fr-FR\"},{\"@type\":\"Organization\",\"@id\":\"https:\/\/pataconte.fr\/#organization\",\"name\":\"Compagnie Pataconte\",\"url\":\"https:\/\/pataconte.fr\/\",\"logo\":{\"@type\":\"ImageObject\",\"inLanguage\":\"fr-FR\",\"@id\":\"https:\/\/pataconte.fr\/#\/schema\/logo\/image\/\",\"url\":\"https:\/\/pataconte.fr\/wp-content\/uploads\/2019\/06\/Logo-redessine\u0301.jpg\",\"contentUrl\":\"https:\/\/pataconte.fr\/wp-content\/uploads\/2019\/06\/Logo-redessine\u0301.jpg\",\"width\":3049,\"height\":2881,\"caption\":\"Compagnie Pataconte\"},\"image\":{\"@id\":\"https:\/\/pataconte.fr\/#\/schema\/logo\/image\/\"}}]}<\/script>\n<!-- \/ Yoast SEO plugin. -->","yoast_head_json":{"title":"Spectacles - Compagnie Pataconte","robots":{"index":"index","follow":"follow","max-snippet":"max-snippet:-1","max-image-preview":"max-image-preview:large","max-video-preview":"max-video-preview:-1"},"canonical":"https:\/\/pataconte.fr\/index.php\/les-spectacles\/","og_locale":"fr_FR","og_type":"article","og_title":"Spectacles - Compagnie Pataconte","og_description":"Pour plus d&rsquo;informations, cliquez sur le spectacle de votre choix:","og_url":"https:\/\/pataconte.fr\/index.php\/les-spectacles\/","og_site_name":"Compagnie Pataconte","article_modified_time":"2024-08-18T11:29:16+00:00","og_image":[{"url":"http:\/\/pataconte.fr\/wp-content\/uploads\/2019\/07\/lespetitesvalisettes-1024x1024.jpg","type":"","width":"","height":""}],"twitter_card":"summary_large_image","twitter_misc":{"Dur\u00e9e de lecture estim\u00e9e":"1 minute"},"schema":{"@context":"https:\/\/schema.org","@graph":[{"@type":"WebPage","@id":"https:\/\/pataconte.fr\/index.php\/les-spectacles\/","url":"https:\/\/pataconte.fr\/index.php\/les-spectacles\/","name":"Spectacles - Compagnie Pataconte","isPartOf":{"@id":"https:\/\/pataconte.fr\/#website"},"primaryImageOfPage":{"@id":"https:\/\/pataconte.fr\/index.php\/les-spectacles\/#primaryimage"},"image":{"@id":"https:\/\/pataconte.fr\/index.php\/les-spectacles\/#primaryimage"},"thumbnailUrl":"http:\/\/pataconte.fr\/wp-content\/uploads\/2019\/07\/lespetitesvalisettes-1024x1024.jpg","datePublished":"2019-06-22T16:26:59+00:00","dateModified":"2024-08-18T11:29:16+00:00","breadcrumb":{"@id":"https:\/\/pataconte.fr\/index.php\/les-spectacles\/#breadcrumb"},"inLanguage":"fr-FR","potentialAction":[{"@type":"ReadAction","target":["https:\/\/pataconte.fr\/index.php\/les-spectacles\/"]}]},{"@type":"ImageObject","inLanguage":"fr-FR","@id":"https:\/\/pataconte.fr\/index.php\/les-spectacles\/#primaryimage","url":"http:\/\/pataconte.fr\/wp-content\/uploads\/2019\/07\/lespetitesvalisettes-1024x1024.jpg","contentUrl":"http:\/\/pataconte.fr\/wp-content\/uploads\/2019\/07\/lespetitesvalisettes-1024x1024.jpg"},{"@type":"BreadcrumbList","@id":"https:\/\/pataconte.fr\/index.php\/les-spectacles\/#breadcrumb","itemListElement":[{"@type":"ListItem","position":1,"name":"Accueil","item":"https:\/\/pataconte.fr\/"},{"@type":"ListItem","position":2,"name":"Spectacles"}]},{"@type":"WebSite","@id":"https:\/\/pataconte.fr\/#website","url":"https:\/\/pataconte.fr\/","name":"Compagnie Pataconte","description":"","publisher":{"@id":"https:\/\/pataconte.fr\/#organization"},"potentialAction":[{"@type":"SearchAction","target":{"@type":"EntryPoint","urlTemplate":"https:\/\/pataconte.fr\/?s={search_term_string}"},"query-input":{"@type":"PropertyValueSpecification","valueRequired":true,"valueName":"search_term_string"}}],"inLanguage":"fr-FR"},{"@type":"Organization","@id":"https:\/\/pataconte.fr\/#organization","name":"Compagnie Pataconte","url":"https:\/\/pataconte.fr\/","logo":{"@type":"ImageObject","inLanguage":"fr-FR","@id":"https:\/\/pataconte.fr\/#\/schema\/logo\/image\/","url":"https:\/\/pataconte.fr\/wp-content\/uploads\/2019\/06\/Logo-redessine\u0301.jpg","contentUrl":"https:\/\/pataconte.fr\/wp-content\/uploads\/2019\/06\/Logo-redessine\u0301.jpg","width":3049,"height":2881,"caption":"Compagnie Pataconte"},"image":{"@id":"https:\/\/pataconte.fr\/#\/schema\/logo\/image\/"}}]}},"acf":[],"_links":{"self":[{"href":"https:\/\/pataconte.fr\/index.php\/wp-json\/wp\/v2\/pages\/89","targetHints":{"allow":["GET"]}}],"collection":[{"href":"https:\/\/pataconte.fr\/index.php\/wp-json\/wp\/v2\/pages"}],"about":[{"href":"https:\/\/pataconte.fr\/index.php\/wp-json\/wp\/v2\/types\/page"}],"author":[{"embeddable":true,"href":"https:\/\/pataconte.fr\/index.php\/wp-json\/wp\/v2\/users\/1"}],"replies":[{"embeddable":true,"href":"https:\/\/pataconte.fr\/index.php\/wp-json\/wp\/v2\/comments?post=89"}],"version-history":[{"count":67,"href":"https:\/\/pataconte.fr\/index.php\/wp-json\/wp\/v2\/pages\/89\/revisions"}],"predecessor-version":[{"id":1833,"href":"https:\/\/pataconte.fr\/index.php\/wp-json\/wp\/v2\/pages\/89\/revisions\/1833"}],"wp:attachment":[{"href":"https:\/\/pataconte.fr\/index.php\/wp-json\/wp\/v2\/media?parent=89"}],"curies":[{"name":"wp","href":"https:\/\/api.w.org\/{rel}","templated":true}]}}