{"id":165,"date":"2019-06-23T09:44:17","date_gmt":"2019-06-23T07:44:17","guid":{"rendered":"http:\/\/localhost:8080\/wp\/?page_id=165"},"modified":"2024-08-18T20:54:11","modified_gmt":"2024-08-18T18:54:11","slug":"artistes","status":"publish","type":"page","link":"https:\/\/pataconte.fr\/index.php\/artistes\/","title":{"rendered":"Artistes"},"content":{"rendered":"\n<div class=\"wp-block-columns is-layout-flex wp-container-core-columns-is-layout-9d6595d7 wp-block-columns-is-layout-flex\">\n<div class=\"wp-block-column is-layout-flow wp-block-column-is-layout-flow\" style=\"flex-basis:100%\">\n<div class=\"wp-block-columns has-2-columns is-layout-flex wp-container-core-columns-is-layout-9d6595d7 wp-block-columns-is-layout-flex\">\n<div class=\"wp-block-column is-layout-flow wp-block-column-is-layout-flow\">\n<div class=\"wp-block-media-text alignwide is-stacked-on-mobile\" style=\"grid-template-columns:33% auto\"><figure class=\"wp-block-media-text__media\"><img fetchpriority=\"high\" decoding=\"async\" width=\"773\" height=\"1024\" src=\"https:\/\/pataconte.fr\/wp-content\/uploads\/2024\/08\/62bf64d0-dbf1-4f88-b705-8f375d893481-773x1024.jpg\" alt=\"\" class=\"wp-image-1844 size-full\" srcset=\"https:\/\/pataconte.fr\/wp-content\/uploads\/2024\/08\/62bf64d0-dbf1-4f88-b705-8f375d893481-773x1024.jpg 773w, https:\/\/pataconte.fr\/wp-content\/uploads\/2024\/08\/62bf64d0-dbf1-4f88-b705-8f375d893481-227x300.jpg 227w, https:\/\/pataconte.fr\/wp-content\/uploads\/2024\/08\/62bf64d0-dbf1-4f88-b705-8f375d893481-768x1017.jpg 768w, https:\/\/pataconte.fr\/wp-content\/uploads\/2024\/08\/62bf64d0-dbf1-4f88-b705-8f375d893481.jpg 1160w\" sizes=\"(max-width: 773px) 100vw, 773px\" \/><\/figure><div class=\"wp-block-media-text__content\">\n<p> H\u00c9L\u00c8NE MARTINOT,  directrice artistique, conteuse et violoniste.<\/p>\n\n\n\n<p>Conception, \u00e9criture, jeu et manipulation.<\/p>\n<\/div><\/div>\n<\/div>\n<\/div>\n\n\n\n<div class=\"wp-block-media-text alignwide is-stacked-on-mobile\" style=\"grid-template-columns:33% auto\"><figure class=\"wp-block-media-text__media\"><img decoding=\"async\" width=\"796\" height=\"1024\" src=\"https:\/\/pataconte.fr\/wp-content\/uploads\/2024\/08\/DSC04124copie-796x1024.jpg\" alt=\"\" class=\"wp-image-1849 size-full\" srcset=\"https:\/\/pataconte.fr\/wp-content\/uploads\/2024\/08\/DSC04124copie-796x1024.jpg 796w, https:\/\/pataconte.fr\/wp-content\/uploads\/2024\/08\/DSC04124copie-233x300.jpg 233w, https:\/\/pataconte.fr\/wp-content\/uploads\/2024\/08\/DSC04124copie-768x988.jpg 768w, https:\/\/pataconte.fr\/wp-content\/uploads\/2024\/08\/DSC04124copie-1194x1536.jpg 1194w, https:\/\/pataconte.fr\/wp-content\/uploads\/2024\/08\/DSC04124copie-1592x2048.jpg 1592w, https:\/\/pataconte.fr\/wp-content\/uploads\/2024\/08\/DSC04124copie-1160x1492.jpg 1160w, https:\/\/pataconte.fr\/wp-content\/uploads\/2024\/08\/DSC04124copie-scaled.jpg 1990w\" sizes=\"(max-width: 796px) 100vw, 796px\" \/><\/figure><div class=\"wp-block-media-text__content\">\n<p>BENO\u00ceT PERSET, musicien (batteur et percussionniste) <\/p>\n<\/div><\/div>\n<\/div>\n<\/div>\n\n\n\n<div class=\"wp-block-columns is-layout-flex wp-container-core-columns-is-layout-9d6595d7 wp-block-columns-is-layout-flex\">\n<div class=\"wp-block-column is-layout-flow wp-block-column-is-layout-flow\">\n<div class=\"wp-block-media-text alignwide is-stacked-on-mobile\" style=\"grid-template-columns:33% auto\"><figure class=\"wp-block-media-text__media\"><img decoding=\"async\" width=\"1024\" height=\"681\" src=\"https:\/\/pataconte.fr\/wp-content\/uploads\/2024\/08\/72-1-1024x681.jpg\" alt=\"\" class=\"wp-image-1857 size-full\" srcset=\"https:\/\/pataconte.fr\/wp-content\/uploads\/2024\/08\/72-1-1024x681.jpg 1024w, https:\/\/pataconte.fr\/wp-content\/uploads\/2024\/08\/72-1-300x200.jpg 300w, https:\/\/pataconte.fr\/wp-content\/uploads\/2024\/08\/72-1-768x511.jpg 768w, https:\/\/pataconte.fr\/wp-content\/uploads\/2024\/08\/72-1-1536x1022.jpg 1536w, https:\/\/pataconte.fr\/wp-content\/uploads\/2024\/08\/72-1-2048x1363.jpg 2048w, https:\/\/pataconte.fr\/wp-content\/uploads\/2024\/08\/72-1-1160x772.jpg 1160w\" sizes=\"(max-width: 1024px) 100vw, 1024px\" \/><\/figure><div class=\"wp-block-media-text__content\">\n<p><\/p>\n\n\n\n<p>SARAH DE FORESTA, com\u00e9dienne marionnettiste<\/p>\n\n\n\n<p> Conception, \u00e9criture, jeu et manipulation.<\/p>\n<\/div><\/div>\n<\/div>\n<\/div>\n\n\n\n<div class=\"wp-block-columns is-layout-flex wp-container-core-columns-is-layout-9d6595d7 wp-block-columns-is-layout-flex\">\n<div class=\"wp-block-column is-layout-flow wp-block-column-is-layout-flow\">\n<div class=\"wp-block-media-text alignwide is-stacked-on-mobile\" style=\"grid-template-columns:33% auto\"><figure class=\"wp-block-media-text__media\"><img loading=\"lazy\" decoding=\"async\" width=\"759\" height=\"1024\" src=\"https:\/\/pataconte.fr\/wp-content\/uploads\/2024\/08\/2023-07-04-portrait-Lisa-Muller-759x1024.jpg\" alt=\"\" class=\"wp-image-1860 size-full\" srcset=\"https:\/\/pataconte.fr\/wp-content\/uploads\/2024\/08\/2023-07-04-portrait-Lisa-Muller-759x1024.jpg 759w, https:\/\/pataconte.fr\/wp-content\/uploads\/2024\/08\/2023-07-04-portrait-Lisa-Muller-222x300.jpg 222w, https:\/\/pataconte.fr\/wp-content\/uploads\/2024\/08\/2023-07-04-portrait-Lisa-Muller-768x1037.jpg 768w, https:\/\/pataconte.fr\/wp-content\/uploads\/2024\/08\/2023-07-04-portrait-Lisa-Muller.jpg 800w\" sizes=\"(max-width: 759px) 100vw, 759px\" \/><\/figure><div class=\"wp-block-media-text__content\">\n<p>LISA MULLER, musicienne (accord\u00e9on)<\/p>\n<\/div><\/div>\n<\/div>\n<\/div>\n\n\n\n<div class=\"wp-block-columns is-layout-flex wp-container-core-columns-is-layout-9d6595d7 wp-block-columns-is-layout-flex\">\n<div class=\"wp-block-column is-layout-flow wp-block-column-is-layout-flow\"><\/div>\n<\/div>\n\n\n\n<p><\/p>\n","protected":false},"excerpt":{"rendered":"<p>H\u00c9L\u00c8NE MARTINOT, directrice artistique, conteuse et violoniste. Conception, \u00e9criture, jeu et manipulation. BENO\u00ceT PERSET, musicien (batteur et percussionniste) SARAH DE FORESTA, com\u00e9dienne marionnettiste Conception, \u00e9criture, jeu et manipulation. LISA MULLER, musicienne (accord\u00e9on)<\/p>\n","protected":false},"author":1,"featured_media":0,"parent":0,"menu_order":3,"comment_status":"closed","ping_status":"closed","template":"","meta":{"footnotes":""},"class_list":["post-165","page","type-page","status-publish","hentry"],"yoast_head":"<!-- This site is optimized with the Yoast SEO plugin v26.8 - https:\/\/yoast.com\/product\/yoast-seo-wordpress\/ -->\n<title>Artistes - Compagnie Pataconte<\/title>\n<meta name=\"description\" content=\"conteuse, musicienne, violon, violoniste, percussion, percussionniste, com\u00e9dienne, manipulation d&#039;objets, marionnettiste, \u00e9criture, jeu, interpr\u00e9tation, accord\u00e9on, accord\u00e9oniste, spectacle jeune public\" \/>\n<meta name=\"robots\" content=\"index, follow, max-snippet:-1, max-image-preview:large, max-video-preview:-1\" \/>\n<link rel=\"canonical\" href=\"https:\/\/pataconte.fr\/index.php\/artistes\/\" \/>\n<meta property=\"og:locale\" content=\"fr_FR\" \/>\n<meta property=\"og:type\" content=\"article\" \/>\n<meta property=\"og:title\" content=\"Artistes - Compagnie Pataconte\" \/>\n<meta property=\"og:description\" content=\"conteuse, musicienne, violon, violoniste, percussion, percussionniste, com\u00e9dienne, manipulation d&#039;objets, marionnettiste, \u00e9criture, jeu, interpr\u00e9tation, accord\u00e9on, accord\u00e9oniste, spectacle jeune public\" \/>\n<meta property=\"og:url\" content=\"https:\/\/pataconte.fr\/index.php\/artistes\/\" \/>\n<meta property=\"og:site_name\" content=\"Compagnie Pataconte\" \/>\n<meta property=\"article:modified_time\" content=\"2024-08-18T18:54:11+00:00\" \/>\n<meta property=\"og:image\" content=\"https:\/\/pataconte.fr\/wp-content\/uploads\/2024\/08\/62bf64d0-dbf1-4f88-b705-8f375d893481-773x1024.jpg\" \/>\n<meta name=\"twitter:card\" content=\"summary_large_image\" \/>\n<meta name=\"twitter:label1\" content=\"Dur\u00e9e de lecture estim\u00e9e\" \/>\n\t<meta name=\"twitter:data1\" content=\"1 minute\" \/>\n<script type=\"application\/ld+json\" class=\"yoast-schema-graph\">{\"@context\":\"https:\/\/schema.org\",\"@graph\":[{\"@type\":\"WebPage\",\"@id\":\"https:\/\/pataconte.fr\/index.php\/artistes\/\",\"url\":\"https:\/\/pataconte.fr\/index.php\/artistes\/\",\"name\":\"Artistes - Compagnie Pataconte\",\"isPartOf\":{\"@id\":\"https:\/\/pataconte.fr\/#website\"},\"primaryImageOfPage\":{\"@id\":\"https:\/\/pataconte.fr\/index.php\/artistes\/#primaryimage\"},\"image\":{\"@id\":\"https:\/\/pataconte.fr\/index.php\/artistes\/#primaryimage\"},\"thumbnailUrl\":\"https:\/\/pataconte.fr\/wp-content\/uploads\/2024\/08\/62bf64d0-dbf1-4f88-b705-8f375d893481-773x1024.jpg\",\"datePublished\":\"2019-06-23T07:44:17+00:00\",\"dateModified\":\"2024-08-18T18:54:11+00:00\",\"description\":\"conteuse, musicienne, violon, violoniste, percussion, percussionniste, com\u00e9dienne, manipulation d'objets, marionnettiste, \u00e9criture, jeu, interpr\u00e9tation, accord\u00e9on, accord\u00e9oniste, spectacle jeune public\",\"breadcrumb\":{\"@id\":\"https:\/\/pataconte.fr\/index.php\/artistes\/#breadcrumb\"},\"inLanguage\":\"fr-FR\",\"potentialAction\":[{\"@type\":\"ReadAction\",\"target\":[\"https:\/\/pataconte.fr\/index.php\/artistes\/\"]}]},{\"@type\":\"ImageObject\",\"inLanguage\":\"fr-FR\",\"@id\":\"https:\/\/pataconte.fr\/index.php\/artistes\/#primaryimage\",\"url\":\"https:\/\/pataconte.fr\/wp-content\/uploads\/2024\/08\/62bf64d0-dbf1-4f88-b705-8f375d893481.jpg\",\"contentUrl\":\"https:\/\/pataconte.fr\/wp-content\/uploads\/2024\/08\/62bf64d0-dbf1-4f88-b705-8f375d893481.jpg\",\"width\":1160,\"height\":1536},{\"@type\":\"BreadcrumbList\",\"@id\":\"https:\/\/pataconte.fr\/index.php\/artistes\/#breadcrumb\",\"itemListElement\":[{\"@type\":\"ListItem\",\"position\":1,\"name\":\"Accueil\",\"item\":\"https:\/\/pataconte.fr\/\"},{\"@type\":\"ListItem\",\"position\":2,\"name\":\"Artistes\"}]},{\"@type\":\"WebSite\",\"@id\":\"https:\/\/pataconte.fr\/#website\",\"url\":\"https:\/\/pataconte.fr\/\",\"name\":\"Compagnie Pataconte\",\"description\":\"\",\"publisher\":{\"@id\":\"https:\/\/pataconte.fr\/#organization\"},\"potentialAction\":[{\"@type\":\"SearchAction\",\"target\":{\"@type\":\"EntryPoint\",\"urlTemplate\":\"https:\/\/pataconte.fr\/?s={search_term_string}\"},\"query-input\":{\"@type\":\"PropertyValueSpecification\",\"valueRequired\":true,\"valueName\":\"search_term_string\"}}],\"inLanguage\":\"fr-FR\"},{\"@type\":\"Organization\",\"@id\":\"https:\/\/pataconte.fr\/#organization\",\"name\":\"Compagnie Pataconte\",\"url\":\"https:\/\/pataconte.fr\/\",\"logo\":{\"@type\":\"ImageObject\",\"inLanguage\":\"fr-FR\",\"@id\":\"https:\/\/pataconte.fr\/#\/schema\/logo\/image\/\",\"url\":\"https:\/\/pataconte.fr\/wp-content\/uploads\/2019\/06\/Logo-redessine\u0301.jpg\",\"contentUrl\":\"https:\/\/pataconte.fr\/wp-content\/uploads\/2019\/06\/Logo-redessine\u0301.jpg\",\"width\":3049,\"height\":2881,\"caption\":\"Compagnie Pataconte\"},\"image\":{\"@id\":\"https:\/\/pataconte.fr\/#\/schema\/logo\/image\/\"}}]}<\/script>\n<!-- \/ Yoast SEO plugin. -->","yoast_head_json":{"title":"Artistes - Compagnie Pataconte","description":"conteuse, musicienne, violon, violoniste, percussion, percussionniste, com\u00e9dienne, manipulation d'objets, marionnettiste, \u00e9criture, jeu, interpr\u00e9tation, accord\u00e9on, accord\u00e9oniste, spectacle jeune public","robots":{"index":"index","follow":"follow","max-snippet":"max-snippet:-1","max-image-preview":"max-image-preview:large","max-video-preview":"max-video-preview:-1"},"canonical":"https:\/\/pataconte.fr\/index.php\/artistes\/","og_locale":"fr_FR","og_type":"article","og_title":"Artistes - Compagnie Pataconte","og_description":"conteuse, musicienne, violon, violoniste, percussion, percussionniste, com\u00e9dienne, manipulation d'objets, marionnettiste, \u00e9criture, jeu, interpr\u00e9tation, accord\u00e9on, accord\u00e9oniste, spectacle jeune public","og_url":"https:\/\/pataconte.fr\/index.php\/artistes\/","og_site_name":"Compagnie Pataconte","article_modified_time":"2024-08-18T18:54:11+00:00","og_image":[{"url":"https:\/\/pataconte.fr\/wp-content\/uploads\/2024\/08\/62bf64d0-dbf1-4f88-b705-8f375d893481-773x1024.jpg","type":"","width":"","height":""}],"twitter_card":"summary_large_image","twitter_misc":{"Dur\u00e9e de lecture estim\u00e9e":"1 minute"},"schema":{"@context":"https:\/\/schema.org","@graph":[{"@type":"WebPage","@id":"https:\/\/pataconte.fr\/index.php\/artistes\/","url":"https:\/\/pataconte.fr\/index.php\/artistes\/","name":"Artistes - Compagnie Pataconte","isPartOf":{"@id":"https:\/\/pataconte.fr\/#website"},"primaryImageOfPage":{"@id":"https:\/\/pataconte.fr\/index.php\/artistes\/#primaryimage"},"image":{"@id":"https:\/\/pataconte.fr\/index.php\/artistes\/#primaryimage"},"thumbnailUrl":"https:\/\/pataconte.fr\/wp-content\/uploads\/2024\/08\/62bf64d0-dbf1-4f88-b705-8f375d893481-773x1024.jpg","datePublished":"2019-06-23T07:44:17+00:00","dateModified":"2024-08-18T18:54:11+00:00","description":"conteuse, musicienne, violon, violoniste, percussion, percussionniste, com\u00e9dienne, manipulation d'objets, marionnettiste, \u00e9criture, jeu, interpr\u00e9tation, accord\u00e9on, accord\u00e9oniste, spectacle jeune public","breadcrumb":{"@id":"https:\/\/pataconte.fr\/index.php\/artistes\/#breadcrumb"},"inLanguage":"fr-FR","potentialAction":[{"@type":"ReadAction","target":["https:\/\/pataconte.fr\/index.php\/artistes\/"]}]},{"@type":"ImageObject","inLanguage":"fr-FR","@id":"https:\/\/pataconte.fr\/index.php\/artistes\/#primaryimage","url":"https:\/\/pataconte.fr\/wp-content\/uploads\/2024\/08\/62bf64d0-dbf1-4f88-b705-8f375d893481.jpg","contentUrl":"https:\/\/pataconte.fr\/wp-content\/uploads\/2024\/08\/62bf64d0-dbf1-4f88-b705-8f375d893481.jpg","width":1160,"height":1536},{"@type":"BreadcrumbList","@id":"https:\/\/pataconte.fr\/index.php\/artistes\/#breadcrumb","itemListElement":[{"@type":"ListItem","position":1,"name":"Accueil","item":"https:\/\/pataconte.fr\/"},{"@type":"ListItem","position":2,"name":"Artistes"}]},{"@type":"WebSite","@id":"https:\/\/pataconte.fr\/#website","url":"https:\/\/pataconte.fr\/","name":"Compagnie Pataconte","description":"","publisher":{"@id":"https:\/\/pataconte.fr\/#organization"},"potentialAction":[{"@type":"SearchAction","target":{"@type":"EntryPoint","urlTemplate":"https:\/\/pataconte.fr\/?s={search_term_string}"},"query-input":{"@type":"PropertyValueSpecification","valueRequired":true,"valueName":"search_term_string"}}],"inLanguage":"fr-FR"},{"@type":"Organization","@id":"https:\/\/pataconte.fr\/#organization","name":"Compagnie Pataconte","url":"https:\/\/pataconte.fr\/","logo":{"@type":"ImageObject","inLanguage":"fr-FR","@id":"https:\/\/pataconte.fr\/#\/schema\/logo\/image\/","url":"https:\/\/pataconte.fr\/wp-content\/uploads\/2019\/06\/Logo-redessine\u0301.jpg","contentUrl":"https:\/\/pataconte.fr\/wp-content\/uploads\/2019\/06\/Logo-redessine\u0301.jpg","width":3049,"height":2881,"caption":"Compagnie Pataconte"},"image":{"@id":"https:\/\/pataconte.fr\/#\/schema\/logo\/image\/"}}]}},"acf":[],"_links":{"self":[{"href":"https:\/\/pataconte.fr\/index.php\/wp-json\/wp\/v2\/pages\/165","targetHints":{"allow":["GET"]}}],"collection":[{"href":"https:\/\/pataconte.fr\/index.php\/wp-json\/wp\/v2\/pages"}],"about":[{"href":"https:\/\/pataconte.fr\/index.php\/wp-json\/wp\/v2\/types\/page"}],"author":[{"embeddable":true,"href":"https:\/\/pataconte.fr\/index.php\/wp-json\/wp\/v2\/users\/1"}],"replies":[{"embeddable":true,"href":"https:\/\/pataconte.fr\/index.php\/wp-json\/wp\/v2\/comments?post=165"}],"version-history":[{"count":17,"href":"https:\/\/pataconte.fr\/index.php\/wp-json\/wp\/v2\/pages\/165\/revisions"}],"predecessor-version":[{"id":1865,"href":"https:\/\/pataconte.fr\/index.php\/wp-json\/wp\/v2\/pages\/165\/revisions\/1865"}],"wp:attachment":[{"href":"https:\/\/pataconte.fr\/index.php\/wp-json\/wp\/v2\/media?parent=165"}],"curies":[{"name":"wp","href":"https:\/\/api.w.org\/{rel}","templated":true}]}}